{"id":1124,"date":"2026-03-05T09:53:26","date_gmt":"2026-03-05T12:53:26","guid":{"rendered":"https:\/\/tucasaambientes.com.br\/?page_id=1124"},"modified":"2026-03-05T16:06:27","modified_gmt":"2026-03-05T19:06:27","slug":"area-de-servico","status":"publish","type":"page","link":"https:\/\/tucasaambientes.com.br\/index.php\/area-de-servico\/","title":{"rendered":"\u00c1rea de Servi\u00e7o"},"content":{"rendered":"\t\t<div data-elementor-type=\"wp-page\" data-elementor-id=\"1124\" class=\"elementor elementor-1124\">\n\t\t\t\t<div class=\"elementor-element elementor-element-5be3b2b e-flex e-con-boxed e-con e-parent\" data-id=\"5be3b2b\" data-element_type=\"container\" data-e-type=\"container\">\n\t\t\t\t\t<div class=\"e-con-inner\">\n\t\t\t\t<div class=\"elementor-element elementor-element-c41c12b elementor-widget elementor-widget-heading\" data-id=\"c41c12b\" data-element_type=\"widget\" data-e-type=\"widget\" data-widget_type=\"heading.default\">\n\t\t\t\t\t<h2 class=\"elementor-heading-title elementor-size-default\">PORTIF\u00d3LIO \u00c1REA DE SERVI\u00c7O<\/h2>\t\t\t\t<\/div>\n\t\t\t\t<div class=\"elementor-element elementor-element-7b5995a elementor-widget elementor-widget-heading\" data-id=\"7b5995a\" data-element_type=\"widget\" data-e-type=\"widget\" data-widget_type=\"heading.default\">\n\t\t\t\t\t<h2 class=\"elementor-heading-title elementor-size-default\">Lavanderias para se Inspirar<\/h2>\t\t\t\t<\/div>\n\t\t\t\t<div class=\"elementor-element elementor-element-89d5f45 elementor-widget elementor-widget-heading\" data-id=\"89d5f45\" data-element_type=\"widget\" data-e-type=\"widget\" data-widget_type=\"heading.default\">\n\t\t\t\t\t<h2 class=\"elementor-heading-title elementor-size-default\">A lavanderia \u00e9 um espa\u00e7o essencial para a organiza\u00e7\u00e3o da casa. Com m\u00f3veis planejados, \u00e9 poss\u00edvel otimizar cada cent\u00edmetro do ambiente, criando solu\u00e7\u00f5es pr\u00e1ticas para armazenar produtos, acomodar equipamentos e facilitar a rotina. Um projeto bem pensado une funcionalidade, organiza\u00e7\u00e3o e est\u00e9tica, tornando a \u00e1rea de servi\u00e7o mais pr\u00e1tica e agrad\u00e1vel no dia a dia.<\/h2>\t\t\t\t<\/div>\n\t\t\t\t\t<\/div>\n\t\t\t\t<\/div>\n\t\t<div class=\"elementor-element elementor-element-910068e e-flex e-con-boxed e-con e-parent\" data-id=\"910068e\" data-element_type=\"container\" data-e-type=\"container\">\n\t\t\t\t\t<div class=\"e-con-inner\">\n\t\t<div class=\"elementor-element elementor-element-63504d9 e-con-full e-flex e-con e-child\" data-id=\"63504d9\" data-element_type=\"container\" data-e-type=\"container\">\n\t\t\t\t<div class=\"elementor-element elementor-element-18a8907 elementor-position-top elementor-widget elementor-widget-image-box\" data-id=\"18a8907\" data-element_type=\"widget\" data-e-type=\"widget\" data-widget_type=\"image-box.default\">\n\t\t\t\t\t<div class=\"elementor-image-box-wrapper\"><figure class=\"elementor-image-box-img\"><img fetchpriority=\"high\" decoding=\"async\" width=\"1162\" height=\"1452\" src=\"https:\/\/tucasaambientes.com.br\/wp-content\/uploads\/2026\/03\/IMG_3496.jpg\" class=\"elementor-animation-shrink attachment-full size-full wp-image-1249\" alt=\"\" srcset=\"https:\/\/tucasaambientes.com.br\/wp-content\/uploads\/2026\/03\/IMG_3496.jpg 1162w, https:\/\/tucasaambientes.com.br\/wp-content\/uploads\/2026\/03\/IMG_3496-240x300.jpg 240w, https:\/\/tucasaambientes.com.br\/wp-content\/uploads\/2026\/03\/IMG_3496-819x1024.jpg 819w, https:\/\/tucasaambientes.com.br\/wp-content\/uploads\/2026\/03\/IMG_3496-768x960.jpg 768w\" sizes=\"(max-width: 1162px) 100vw, 1162px\" \/><\/figure><div class=\"elementor-image-box-content\"><h3 class=\"elementor-image-box-title\">Eleg\u00e2ncia Natural<\/h3><p class=\"elementor-image-box-description\">A marcenaria em tom amadeirado traz sofistica\u00e7\u00e3o e aconchego ao ambiente. As linhas retas, o nicho amplo e a bancada em pedra criam uma lavanderia funcional, organizada e visualmente elegante.<\/p><\/div><\/div>\t\t\t\t<\/div>\n\t\t\t\t<\/div>\n\t\t<div class=\"elementor-element elementor-element-016c550 e-con-full e-flex e-con e-child\" data-id=\"016c550\" data-element_type=\"container\" data-e-type=\"container\">\n\t\t\t\t<div class=\"elementor-element elementor-element-d06bfc2 elementor-position-top elementor-widget elementor-widget-image-box\" data-id=\"d06bfc2\" data-element_type=\"widget\" data-e-type=\"widget\" data-widget_type=\"image-box.default\">\n\t\t\t\t\t<div class=\"elementor-image-box-wrapper\"><figure class=\"elementor-image-box-img\"><img decoding=\"async\" width=\"1126\" height=\"1452\" src=\"https:\/\/tucasaambientes.com.br\/wp-content\/uploads\/2026\/03\/a795c0e4-1d0c-46f1-bac0-6a2624817253-e1772737102967.jpg\" class=\"elementor-animation-shrink attachment-full size-full wp-image-1244\" alt=\"\" srcset=\"https:\/\/tucasaambientes.com.br\/wp-content\/uploads\/2026\/03\/a795c0e4-1d0c-46f1-bac0-6a2624817253-e1772737102967.jpg 1126w, https:\/\/tucasaambientes.com.br\/wp-content\/uploads\/2026\/03\/a795c0e4-1d0c-46f1-bac0-6a2624817253-e1772737102967-233x300.jpg 233w, https:\/\/tucasaambientes.com.br\/wp-content\/uploads\/2026\/03\/a795c0e4-1d0c-46f1-bac0-6a2624817253-e1772737102967-794x1024.jpg 794w, https:\/\/tucasaambientes.com.br\/wp-content\/uploads\/2026\/03\/a795c0e4-1d0c-46f1-bac0-6a2624817253-e1772737102967-768x990.jpg 768w\" sizes=\"(max-width: 1126px) 100vw, 1126px\" \/><\/figure><div class=\"elementor-image-box-content\"><h3 class=\"elementor-image-box-title\">Praticidade Essencial<\/h3><p class=\"elementor-image-box-description\">Um projeto simples e funcional para o dia a dia. Os arm\u00e1rios brancos trazem leveza ao ambiente e garantem organiza\u00e7\u00e3o, aproveitando o espa\u00e7o com efici\u00eancia.<\/p><\/div><\/div>\t\t\t\t<\/div>\n\t\t\t\t<\/div>\n\t\t<div class=\"elementor-element elementor-element-69775b4 e-con-full e-flex e-con e-child\" data-id=\"69775b4\" data-element_type=\"container\" data-e-type=\"container\">\n\t\t\t\t<div class=\"elementor-element elementor-element-e9796d2 elementor-position-top elementor-widget elementor-widget-image-box\" data-id=\"e9796d2\" data-element_type=\"widget\" data-e-type=\"widget\" data-widget_type=\"image-box.default\">\n\t\t\t\t\t<div class=\"elementor-image-box-wrapper\"><figure class=\"elementor-image-box-img\"><img decoding=\"async\" width=\"1170\" height=\"1462\" src=\"https:\/\/tucasaambientes.com.br\/wp-content\/uploads\/2026\/03\/IMG_3497.jpg\" class=\"elementor-animation-shrink attachment-full size-full wp-image-1245\" alt=\"\" srcset=\"https:\/\/tucasaambientes.com.br\/wp-content\/uploads\/2026\/03\/IMG_3497.jpg 1170w, https:\/\/tucasaambientes.com.br\/wp-content\/uploads\/2026\/03\/IMG_3497-240x300.jpg 240w, https:\/\/tucasaambientes.com.br\/wp-content\/uploads\/2026\/03\/IMG_3497-819x1024.jpg 819w, https:\/\/tucasaambientes.com.br\/wp-content\/uploads\/2026\/03\/IMG_3497-768x960.jpg 768w\" sizes=\"(max-width: 1170px) 100vw, 1170px\" \/><\/figure><div class=\"elementor-image-box-content\"><h3 class=\"elementor-image-box-title\">Sofistica\u00e7\u00e3o Funcional<\/h3><p class=\"elementor-image-box-description\">O painel ripado adiciona personalidade ao ambiente enquanto os arm\u00e1rios amplos e as m\u00e1quinas embutidas criam uma lavanderia organizada, elegante e pensada para otimizar a rotina.<\/p><\/div><\/div>\t\t\t\t<\/div>\n\t\t\t\t<\/div>\n\t\t\t\t\t<\/div>\n\t\t\t\t<\/div>\n\t\t<div class=\"elementor-element elementor-element-7d00cb9 e-flex e-con-boxed e-con e-parent\" data-id=\"7d00cb9\" data-element_type=\"container\" data-e-type=\"container\">\n\t\t\t\t\t<div class=\"e-con-inner\">\n\t\t\t\t<div class=\"elementor-element elementor-element-6decc86 elementor-widget elementor-widget-heading\" data-id=\"6decc86\" data-element_type=\"widget\" data-e-type=\"widget\" data-widget_type=\"heading.default\">\n\t\t\t\t\t<h2 class=\"elementor-heading-title elementor-size-default\">Experi\u00eancia completa em v\u00eddeo<\/h2>\t\t\t\t<\/div>\n\t\t\t\t<div class=\"elementor-element elementor-element-48b280c elementor-widget elementor-widget-heading\" data-id=\"48b280c\" data-element_type=\"widget\" data-e-type=\"widget\" data-widget_type=\"heading.default\">\n\t\t\t\t\t<h2 class=\"elementor-heading-title elementor-size-default\">N\u00f3s v\u00eddeos abaixo, voc\u00ea confere mais detalhes, acabamentos e solu\u00e7\u00f5es aplicadas em diferentes projetos de lavanderia.<\/h2>\t\t\t\t<\/div>\n\t\t\t\t\t<\/div>\n\t\t\t\t<\/div>\n\t\t<div class=\"elementor-element elementor-element-1d9d5b0 e-flex e-con-boxed e-con e-parent\" data-id=\"1d9d5b0\" data-element_type=\"container\" data-e-type=\"container\">\n\t\t\t\t\t<div class=\"e-con-inner\">\n\t\t<div class=\"elementor-element elementor-element-3c17a5f e-con-full e-flex e-con e-child\" data-id=\"3c17a5f\" data-element_type=\"container\" data-e-type=\"container\">\n\t\t\t\t<div class=\"elementor-element elementor-element-bc9b6dc elementor-widget elementor-widget-wp-widget-media_video\" data-id=\"bc9b6dc\" data-element_type=\"widget\" data-e-type=\"widget\" data-widget_type=\"wp-widget-media_video.default\">\n\t\t\t\t<div class=\"elementor-widget-container\">\n\t\t\t\t\t<div style=\"width:100%;\" class=\"wp-video\"><video class=\"wp-video-shortcode\" id=\"video-1124-1\" preload=\"auto\" controls=\"controls\"><source type=\"video\/mp4\" src=\"https:\/\/tucasaambientes.com.br\/wp-content\/uploads\/2026\/03\/Atras-dessa-porta-oculta-em-ripado-de-Freijo-Puro-da-Duratex-revela-se-um-paraiso-funcional-de-.mp4?_=1\" \/><source type=\"video\/mp4\" src=\"http:\/\/tucasaambientes.com.br\/wp-content\/uploads\/2026\/03\/Atras-dessa-porta-oculta-em-ripado-de-Freijo-Puro-da-Duratex-revela-se-um-paraiso-funcional-de-.mp4?_=1\" \/><a href=\"https:\/\/tucasaambientes.com.br\/wp-content\/uploads\/2026\/03\/Atras-dessa-porta-oculta-em-ripado-de-Freijo-Puro-da-Duratex-revela-se-um-paraiso-funcional-de-.mp4\">https:\/\/tucasaambientes.com.br\/wp-content\/uploads\/2026\/03\/Atras-dessa-porta-oculta-em-ripado-de-Freijo-Puro-da-Duratex-revela-se-um-paraiso-funcional-de-.mp4<\/a><\/video><\/div>\t\t\t\t<\/div>\n\t\t\t\t<\/div>\n\t\t\t\t<\/div>\n\t\t<div class=\"elementor-element elementor-element-3366a9a e-con-full e-flex e-con e-child\" data-id=\"3366a9a\" data-element_type=\"container\" data-e-type=\"container\">\n\t\t\t\t<div class=\"elementor-element elementor-element-463b6b9 elementor-widget elementor-widget-wp-widget-media_video\" data-id=\"463b6b9\" data-element_type=\"widget\" data-e-type=\"widget\" data-widget_type=\"wp-widget-media_video.default\">\n\t\t\t\t<div class=\"elementor-widget-container\">\n\t\t\t\t\t<div style=\"width:100%;\" class=\"wp-video\"><video class=\"wp-video-shortcode\" id=\"video-1124-2\" preload=\"auto\" controls=\"controls\"><source type=\"video\/mp4\" src=\"https:\/\/tucasaambientes.com.br\/wp-content\/uploads\/2026\/03\/Pequenos-detalhes-que-fazem-a-diferenca.-Nossa-lavanderia-em-MDF-Branco-Ultra-resistente-a-umid.mp4?_=2\" \/><source type=\"video\/mp4\" src=\"http:\/\/tucasaambientes.com.br\/wp-content\/uploads\/2026\/03\/Pequenos-detalhes-que-fazem-a-diferenca.-Nossa-lavanderia-em-MDF-Branco-Ultra-resistente-a-umid.mp4?_=2\" \/><a href=\"https:\/\/tucasaambientes.com.br\/wp-content\/uploads\/2026\/03\/Pequenos-detalhes-que-fazem-a-diferenca.-Nossa-lavanderia-em-MDF-Branco-Ultra-resistente-a-umid.mp4\">https:\/\/tucasaambientes.com.br\/wp-content\/uploads\/2026\/03\/Pequenos-detalhes-que-fazem-a-diferenca.-Nossa-lavanderia-em-MDF-Branco-Ultra-resistente-a-umid.mp4<\/a><\/video><\/div>\t\t\t\t<\/div>\n\t\t\t\t<\/div>\n\t\t\t\t<\/div>\n\t\t<div class=\"elementor-element elementor-element-f8e2362 e-con-full e-flex e-con e-child\" data-id=\"f8e2362\" data-element_type=\"container\" data-e-type=\"container\">\n\t\t\t\t<div class=\"elementor-element elementor-element-eee2b56 elementor-widget elementor-widget-wp-widget-media_video\" data-id=\"eee2b56\" data-element_type=\"widget\" data-e-type=\"widget\" data-widget_type=\"wp-widget-media_video.default\">\n\t\t\t\t<div class=\"elementor-widget-container\">\n\t\t\t\t\t<div style=\"width:100%;\" class=\"wp-video\"><video class=\"wp-video-shortcode\" id=\"video-1124-3\" preload=\"auto\" controls=\"controls\"><source type=\"video\/mp4\" src=\"https:\/\/tucasaambientes.com.br\/wp-content\/uploads\/2026\/03\/Simplifique-sua-rotina-diaria-com-moveis-planejados-que-tornam-a-lavanderia-um-lugar-de-conforto.mp4?_=3\" \/><source type=\"video\/mp4\" src=\"http:\/\/tucasaambientes.com.br\/wp-content\/uploads\/2026\/03\/Simplifique-sua-rotina-diaria-com-moveis-planejados-que-tornam-a-lavanderia-um-lugar-de-conforto.mp4?_=3\" \/><a href=\"https:\/\/tucasaambientes.com.br\/wp-content\/uploads\/2026\/03\/Simplifique-sua-rotina-diaria-com-moveis-planejados-que-tornam-a-lavanderia-um-lugar-de-conforto.mp4\">https:\/\/tucasaambientes.com.br\/wp-content\/uploads\/2026\/03\/Simplifique-sua-rotina-diaria-com-moveis-planejados-que-tornam-a-lavanderia-um-lugar-de-conforto.mp4<\/a><\/video><\/div>\t\t\t\t<\/div>\n\t\t\t\t<\/div>\n\t\t\t\t<\/div>\n\t\t\t\t\t<\/div>\n\t\t\t\t<\/div>\n\t\t\t\t<\/div>\n\t\t","protected":false},"excerpt":{"rendered":"<p>PORTIF\u00d3LIO \u00c1REA DE SERVI\u00c7O Lavanderias para se Inspirar A lavanderia \u00e9 um espa\u00e7o essencial para a organiza\u00e7\u00e3o da casa. Com m\u00f3veis planejados, \u00e9 poss\u00edvel otimizar cada cent\u00edmetro do ambiente, criando solu\u00e7\u00f5es pr\u00e1ticas para armazenar produtos, acomodar equipamentos e facilitar a rotina. Um projeto bem pensado une funcionalidade, organiza\u00e7\u00e3o e est\u00e9tica, tornando a \u00e1rea de servi\u00e7o [&hellip;]<\/p>\n","protected":false},"author":1,"featured_media":0,"parent":0,"menu_order":0,"comment_status":"closed","ping_status":"closed","template":"elementor_header_footer","meta":{"_joinchat":[],"footnotes":""},"class_list":["post-1124","page","type-page","status-publish","hentry"],"_links":{"self":[{"href":"https:\/\/tucasaambientes.com.br\/index.php\/wp-json\/wp\/v2\/pages\/1124","targetHints":{"allow":["GET"]}}],"collection":[{"href":"https:\/\/tucasaambientes.com.br\/index.php\/wp-json\/wp\/v2\/pages"}],"about":[{"href":"https:\/\/tucasaambientes.com.br\/index.php\/wp-json\/wp\/v2\/types\/page"}],"author":[{"embeddable":true,"href":"https:\/\/tucasaambientes.com.br\/index.php\/wp-json\/wp\/v2\/users\/1"}],"replies":[{"embeddable":true,"href":"https:\/\/tucasaambientes.com.br\/index.php\/wp-json\/wp\/v2\/comments?post=1124"}],"version-history":[{"count":13,"href":"https:\/\/tucasaambientes.com.br\/index.php\/wp-json\/wp\/v2\/pages\/1124\/revisions"}],"predecessor-version":[{"id":1258,"href":"https:\/\/tucasaambientes.com.br\/index.php\/wp-json\/wp\/v2\/pages\/1124\/revisions\/1258"}],"wp:attachment":[{"href":"https:\/\/tucasaambientes.com.br\/index.php\/wp-json\/wp\/v2\/media?parent=1124"}],"curies":[{"name":"wp","href":"https:\/\/api.w.org\/{rel}","templated":true}]}}